929?
29, 47, 127
List the prime factors of 1885033.
1885033
List the prime factors of 74207.
7, 10601
What are the prime factors of 12984942?
2, 3, 19, 113903
What are the prime factors of 579218?
2, 71, 4079
What are the prime factors of 912147?
3, 304049
What are the prime factors of 5809554?
2, 3, 19, 16987
What are the prime factors of 1568041?
1568041
What are the prime factors of 5168?
2, 17, 19
What are the prime factors of 804033?
3, 97, 307
What are the prime factors of 1429097?
1429097
What are the prime factors of 5348546?
2, 7, 54577
List the prime factors of 179758.
2, 17, 311
What are the prime factors of 14889418?
2, 23, 173, 1871
What are the prime factors of 1119046?
2, 559523
List the prime factors of 25058142.
2, 3, 157, 8867
List the prime factors of 138177.
3, 13, 1181
What are the prime factors of 5160172?
2, 19, 43, 1579
List the prime factors of 4197567.
3, 11, 311, 409
What are the prime factors of 6568060?
2, 5, 79, 4157
List the prime factors of 4141639.
19, 217981
List the prime factors of 177758.
2, 7, 12697
What are the prime factors of 102878?
2, 51439
What are the prime factors of 392542?
2, 196271
What are the prime factors of 27238648?
2, 59, 57709
List the prime factors of 393206.
2, 11, 61, 293
What are the prime factors of 2891194?
2, 839, 1723
What are the prime factors of 6963601?
311, 22391
What are the prime factors of 866516?
2, 7, 4421
List the prime factors of 548261.
7, 67, 167
List the prime factors of 6190557.
3, 229, 9011
What are the prime factors of 998398?
2, 59, 8461
List the prime factors of 9121709.
1559, 5851
What are the prime factors of 1263597?
3, 23, 18313
List the prime factors of 14034087.
3, 61, 8521
What are the prime factors of 34224?
2, 3, 23, 31
What are the prime factors of 83959?
113, 743
List the prime factors of 2122475.
5, 73, 1163
List the prime factors of 25740422.
2, 569, 22619
List the prime factors of 18267.
3, 6089
What are the prime factors of 701428?
2, 7, 13, 41, 47
What are the prime factors of 66373?
66373
What are the prime factors of 334915?
5, 7, 1367
What are the prime factors of 8347313?
13, 41, 15661
List the prime factors of 38359.
89, 431
What are the prime factors of 6628957?
37, 179161
What are the prime factors of 185817?
3, 23, 2693
List the prime factors of 11283423.
3, 131, 28711
What are the prime factors of 354535?
5, 17, 43, 97
List the prime factors of 534980.
2, 5, 23, 1163
List the prime factors of 120368.
2, 7523
List the prime factors of 3026944.
2, 739
What are the prime factors of 10533766?
2, 5266883
What are the prime factors of 626773?
7, 17, 23, 229
What are the prime factors of 253845?
3, 5, 5641
List the prime factors of 29185118.
2, 71, 205529
List the prime factors of 35841010.
2, 5, 3584101
What are the prime factors of 1120417?
83, 13499
List the prime factors of 696773.
7, 11, 9049
List the prime factors of 65795.
5, 13159
List the prime factors of 5183872.
2, 40499
What are the prime factors of 283080?
2, 3, 5, 7, 337
List the prime factors of 325587.
3, 108529
What are the prime factors of 4799550?
2, 3, 5, 7, 653
What are the prime factors of 484495?
5, 11, 23, 383
List the prime factors of 186532.
2, 46633
List the prime factors of 351193.
149, 2357
List the prime factors of 526277.
43, 12239
List the prime factors of 650015.
5, 130003
List the prime factors of 1206338.
2, 7, 199, 433
List the prime factors of 179093.
79, 2267
List the prime factors of 715071.
3, 7, 17, 2003
What are the prime factors of 2526229?
839, 3011
What are the prime factors of 2169943?
47, 137, 337
What are the prime factors of 27243659?
127, 214517
List the prime factors of 75152.
2, 7, 11, 61
List the prime factors of 6002610.
2, 3, 5, 200087
List the prime factors of 480406.
2, 240203
List the prime factors of 67975.
5, 2719
List the prime factors of 54877.
54877
What are the prime factors of 3560509?
61, 58369
List the prime factors of 5662700.
2, 5, 17, 3331
List the prime factors of 111186.
2, 3, 29, 71
List the prime factors of 3700868.
2, 925217
List the prime factors of 616115.
5, 149, 827
List the prime factors of 41295.
3, 5, 2753
What are the prime factors of 237159?
3, 13, 2027
What are the prime factors of 40852287?
3, 7, 648449
What are the prime factors of 6135747?
3, 37, 167, 331
What are the prime factors of 1274417?
439, 2903
List the prime factors of 317792.
2, 9931
List the prime factors of 4427292.
2, 3, 137, 2693
What are the prime factors of 1433517?
3, 477839
What are the prime factors of 539674?
2, 151, 1787
List the prime factors of 14453840.
2, 5, 79, 2287
List the prime factors of 269199.
3, 7, 4273
What are the prime factors of 138451?
138451
What are the prime factors of 236062?
2, 17, 53, 131
List the prime factors of 5938639.
7, 31, 27367
What are the prime factors of 2003199?
3, 11, 60703
List the prime factors of 5916247.
5916247
List the prime factors of 2773572.
2, 3, 231131
List the prime factors of 3121714.
2, 43, 36299
List the prime factors of 201842.
2, 43, 2347
List the prime factors of 6143343.
3, 2047781
What are the prime factors of 1197095?
5, 19, 12601
List the prime factors of 98301.
3, 7, 31, 151
What are the prime factors of 206861?
269, 769
What are the prime factors of 41453653?
37, 1120369
List the prime factors of 932549.
932549
List the prime factors of 1859146.
2, 929573
List the prime factors of 8813674.
2, 4406837
What are the prime factors of 965195?
5, 7, 11, 23, 109
List the prime factors of 213017.
7, 30431
What are the prime factors of 1254654?
2, 3, 43, 1621
What are the prime factors of 1943719?
19, 102301
What are the prime factors of 200639?
200639
What are the prime factors of 2586746?
2, 1293373
List the prime factors of 1058221.
1058221
List the prime factors of 252814.
2, 19, 6653
What are the prime factors of 48373?
13, 61
List the prime factors of 10921394.
2, 11, 496427
What are the prime factors of 7675869?
3, 103, 24841
What are the prime factors of 5371258?
2, 2685629
What are the prime factors of 2929777?
157, 18661
List the prime factors of 2404936.
2, 521, 577
What are the prime factors of 2583681?
3, 101, 8527
List the prime factors of 221384.
2, 27673
What are the prime factors of 542392?
2, 151, 449
What are the prime factors of 2429403?
3, 809801
What are the prime factors of 2384789?
11, 19709
List the prime factors of 1883542.
2, 941771
List the prime factors of 826083.
3, 263, 349
What are the prime factors of 637263?
3, 11, 41, 157
List the prime factors of 678668.
2, 169667
List the prime factors of 867565.
5, 167, 1039
What are the prime factors of 32652224?
2, 11, 46381
List the prime factors of 120206.
2, 60103
List the prime factors of 4871563.
1999, 2437
What are the prime factors of 417952?
2, 37, 353
List the prime factors of 15396726.
2, 3, 19, 135059
What are the prime factors of 8833669?
13, 53, 12821
What are the prime factors of 173356?
2, 19, 2281
What are the prime factors of 2453008?
2, 153313
What are the prime factors of 1868213?
19, 98327
List the prime factors of 3879458.
2, 11, 19, 9281
What are the prime factors of 638775?
3, 5, 17, 167
What are the prime factors of 14859774?
2, 3, 29, 3163
List the prime factors of 31484563.
11, 367, 709
What are the prime factors of 469689?
3, 11, 43, 331
List the prime factors of 15027360.
2, 3, 5, 31307
What are the prime factors of 905634?
2, 3, 31, 541
List the prime factors of 3720431.
11, 13, 26017
What are the prime factors of 1572476?
2, 281, 1399
What are the prime factors of 100649?
100649
What are the prime factors of 27054525?
3, 5, 43, 8389
What are the prime factors of 3273515?
5, 7, 93529
What are the prime factors of 593225?
5, 61, 389
List the prime factors of 10923.
3, 11, 331
List the prime factors of 208446.
2, 3, 7, 709
What are the prime factors of 584929?
43, 61, 223
What are the prime factors of 152427?
3, 11, 31, 149
What are the prime factors of 1857391?
1857391
List the prime factors of 305303.
17, 17959
List the prime factors of 592676.
2, 7, 61, 347
What are the prime factors of 471402?
2, 3, 26189
What are the prime factors of 22515319?
22515319
List the prime factors of 1827449.
13, 17, 8269
What are the prime factors of 867428?
2, 37, 5861
What are the prime factors of